{"id":5525,"date":"2024-08-21T19:03:59","date_gmt":"2024-08-21T17:03:59","guid":{"rendered":"https:\/\/situacioncritica.es\/blog\/?page_id=5525"},"modified":"2025-04-18T12:29:34","modified_gmt":"2025-04-18T10:29:34","slug":"cajondesastre","status":"publish","type":"page","link":"https:\/\/situacioncritica.es\/blog\/cajondesastre\/","title":{"rendered":"Caj\u00f3n(de)sastre"},"content":{"rendered":"<div class=\"wp-block-jetpack-post-publish-qr-post-panel\">\n<div class=\"wp-block-jetpack-blogroll\">\n<h3 class=\"wp-block-heading\">Sitios de inter\u00e9s<\/h3>\n\n\n\t\t\t<div style=\"margin-bottom: 10px;\">\n\t\t\t\t<a href=\"https:\/\/beatsign.com\">Beatsign<\/a><div>Dise\u00f1os que no encontrar\u00e1s en ninguna otra parte. Series muy limitadas para que sientas que te llevas algo \u00fanico, tuyo.<\/div>\n\t\t\t<\/div>\n\n\t\t\t<div style=\"margin-bottom: 10px;\">\n\t\t\t\t<a href=\"http:\/\/www.fffuel.co\">www.fffuel.co<\/a><div>A Curated Collection of AI-generated Abstract 3D Shapes.<\/div>\n\t\t\t<\/div>\n\n\t\t\t<div style=\"margin-bottom: 10px;\">\n\t\t\t\t<a href=\"http:\/\/webutility.io\">webutility.io<\/a><div>Get Favicon from a Website URL Online.<\/div>\n\t\t\t<\/div>\n\n\t\t\t<div style=\"margin-bottom: 10px;\">\n\t\t\t\t<a href=\"http:\/\/it-tools.tech\">it-tools.tech<\/a><div>This wonderful website, made with \u2764 by\u00a0<a href=\"https:\/\/github.com\/CorentinTh\" target=\"_blank\" rel=\"noreferrer noopener\">Corentin Thomasset<\/a>\u00a0, aggregates useful tools for developer and people working in IT.\u00a0<\/div>\n\t\t\t<\/div>\n\n\t\t\t<div style=\"margin-bottom: 10px;\">\n\t\t\t\t<a href=\"http:\/\/www.cssmatic.com\">www.cssmatic.com<\/a><div>The ultimate\u00a0<strong>CSS tools<\/strong>\u00a0for web designers.<\/div>\n\t\t\t<\/div>\n\n\t\t\t<div style=\"margin-bottom: 10px;\">\n\t\t\t\t<a href=\"http:\/\/www.fontsquirrel.com\">www.fontsquirrel.com<\/a><div>Free fonts have met their match. We know how hard it is to find quality freeware that is licensed for commercial work. We&#8217;ve done the hard work, hand-selecting these typefaces and presenting them in an easy-to-use format.\u00a0<\/div>\n\t\t\t<\/div>\n\n\t\t\t<div style=\"margin-bottom: 10px;\">\n\t\t\t\t<a href=\"http:\/\/www.brandsoftheworld.com\">www.brandsoftheworld.com<\/a><div>Brands of the World has the world&#8217;s largest collection of freely downloadable vector logos. Upload logos to showcase your work and help your fellow designers.<\/div>\n\t\t\t<\/div>\n\n\t\t\t<div style=\"margin-bottom: 10px;\">\n\t\t\t\t<a href=\"http:\/\/unsplash.com\">unsplash.com<\/a><div>La fuente de im\u00e1genes de internet.<br>Con recursos de creadores de todo el mundo.<\/div>\n\t\t\t<\/div>\n\n\t\t\t<div style=\"margin-bottom: 10px;\">\n\t\t\t\t<a href=\"https:\/\/picjumbo.com\">picjumbo<\/a><div>Download\u00a0<strong>free images<\/strong>,\u00a0<strong>backgrounds<\/strong>\u00a0and\u00a0<strong>free photos<\/strong>\u00a0for your websites, templates, blog posts or designs. And we have wallpapers too!<\/div>\n\t\t\t<\/div>\n\n\t\t\t<div style=\"margin-bottom: 10px;\">\n\t\t\t\t<a href=\"http:\/\/www.freeimages.com\">www.freeimages.com<\/a><div>Get free picture, templates, mockups and graphic resources<br>Looking for free pictures or visuals? Choose the type of free stock image you need<\/div>\n\t\t\t<\/div>\n\n\t\t\t<div style=\"margin-bottom: 10px;\">\n\t\t\t\t<a href=\"http:\/\/www.wga.hu\">www.wga.hu<\/a><div>The Web Gallery of Art is a virtual museum and searchable database of European fine arts, decorative arts and architecture from the 3rd to 19th centuries.\u00a0<\/div>\n\t\t\t<\/div>\n\n\t\t\t<div style=\"margin-bottom: 10px;\">\n\t\t\t\t<a href=\"http:\/\/color.adobe.com\">color.adobe.com<\/a><div>Busca paletas de colores y temas generados para personalizar cualquier plantilla.<\/div>\n\t\t\t<\/div>\n\n\t\t\t<div style=\"margin-bottom: 10px;\">\n\t\t\t\t<a href=\"http:\/\/www.waifu2x.net\">www.waifu2x.net<\/a><div>Mejora la resoluci\u00f3n de ilustraciones de tipo anime utilizando redes neuronales convolucionales. Tambi\u00e9n es compatible con fotograf\u00edas.<\/div>\n\t\t\t<\/div>\n\n\t\t\t<div style=\"margin-bottom: 10px;\">\n\t\t\t\t<a href=\"http:\/\/tinypng.com\">tinypng.com<\/a><div>Tailored solutions for website owners, developers, and designers, ensuring optimal website performance for every project. Discover the advantages of faster loading times with our image optimization tools.<\/div>\n\t\t\t<\/div>\n\n\t\t\t<div style=\"margin-bottom: 10px;\">\n\t\t\t\t<a href=\"http:\/\/toolbox.google.com\">toolbox.google.com<\/a><div>The Fact Check Tools consist of two tools: Fact Check Explorer and Fact Check Markup Tool. Both tools aim to facilitate the work of fact checkers, journalists and researchers. Google does not endorse or create any of these fact checks. If you disagree with one, please contact the website owner that published it.<\/div>\n\t\t\t<\/div>\n\n\t\t\t<div style=\"margin-bottom: 10px;\">\n\t\t\t\t<a href=\"http:\/\/sedeelectronica.bde.es\">sedeelectronica.bde.es<\/a><div>Solicitud de informes de riesgos a la Central de Informaci\u00f3n de Riesgos por los titulares desde la web del Banco de Espa\u00f1a.<\/div>\n\t\t\t<\/div>\n\n\t\t\t<div style=\"margin-bottom: 10px;\">\n\t\t\t\t<a href=\"http:\/\/coolors.co\">coolors.co<\/a><div>Generador de paletas de colores.<\/div>\n\t\t\t<\/div>\n\n\t\t\t<div style=\"margin-bottom: 10px;\">\n\t\t\t\t<a href=\"http:\/\/sitecheck.sucuri.net\">sitecheck.sucuri.net<\/a><div>Enter a URL like example.com and the Sucuri SiteCheck scanner will check the website for known malware, viruses, blacklisting status, website errors, out-of-date software, and malicious code.<\/div>\n\t\t\t<\/div>\n\n\t\t\t<div style=\"margin-bottom: 10px;\">\n\t\t\t\t<a href=\"http:\/\/codepen.io\">codepen.io<\/a><div>CodePen is a\u00a0<strong>social development environment<\/strong>\u00a0for front-end designers and developers. Build and deploy a website, show off your work, build test cases to learn and debug, and find inspiration.<\/div>\n\t\t\t<\/div>\n\n\t\t\t<div style=\"margin-bottom: 10px;\">\n\t\t\t\t<a href=\"http:\/\/www.editpad.org\">www.editpad.org<\/a><div>Parafrasear textos online por Editpad es el mejor parafraseador que lo ayuda a par\u00e1frasis oraciones, p\u00e1rrafos y ensayos para eliminar el plagio.<\/div>\n\t\t\t<\/div>\n\n\t\t\t<div style=\"margin-bottom: 10px;\">\n\t\t\t\t<a href=\"http:\/\/www.businessbloomer.com\">www.businessbloomer.com<\/a><div>Here is a collection of tips, snippets, customizations, plugin reviews and how-to tutorials to answer your biggest WooCommerce questions, curated by Rodolfo Melogli.<\/div>\n\t\t\t<\/div>\n\n\t\t\t<div style=\"margin-bottom: 10px;\">\n\t\t\t\t<a href=\"http:\/\/html5up.net\">html5up.net<\/a><div>Built by\u00a0<a href=\"https:\/\/twitter.com\/ajlkn\" target=\"_blank\" rel=\"noreferrer noopener\">AJ<\/a>\u00a0with\u00a0<a href=\"https:\/\/github.com\/ajlkn\/responsive-tools\">Responsive Tools<\/a>, makes\u00a0<strong>spiffy HTML5 site templates<\/strong> Licensed under the\u00a0<a href=\"https:\/\/html5up.net\/license\">Creative Commons Attribution<\/a>\u00a0license.<\/div>\n\t\t\t<\/div>\n\n\t\t\t<div style=\"margin-bottom: 10px;\">\n\t\t\t\t<a href=\"http:\/\/colorhunt.co\">colorhunt.co<\/a><div>Color Hunt is an open collection of beautiful color palettes, created by\u00a0<a href=\"https:\/\/galshir.com\/\" target=\"_blank\" rel=\"noreferrer noopener\">Gal Shir<\/a>. <\/div>\n\t\t\t<\/div>\n\n\t\t\t<div style=\"margin-bottom: 10px;\">\n\t\t\t\t<a href=\"https:\/\/andersnoren.se\">Anders Nor\u00e9n<\/a><div>WordPress designer and developer.<\/div>\n\t\t\t<\/div><\/div>\n<\/div>\n\n\n<p><\/p>\n","protected":false},"excerpt":{"rendered":"","protected":false},"author":1,"featured_media":0,"parent":0,"menu_order":0,"comment_status":"closed","ping_status":"closed","template":"","meta":{"_seopress_robots_primary_cat":"","_seopress_titles_title":"Caj\u00f3n(de)sastre","_seopress_titles_desc":"Sitios y aplicaciones web de inter\u00e9s","_seopress_robots_index":"","jetpack_post_was_ever_published":false,"footnotes":""},"class_list":["post-5525","page","type-page","status-publish","hentry"],"jetpack-related-posts":[{"id":3,"url":"https:\/\/situacioncritica.es\/blog\/politica-privacidad\/","url_meta":{"origin":5525,"position":0},"title":"Pol\u00edtica de privacidad","author":"Sethbastian","date":"19 de mayo de 2025","format":false,"excerpt":"Qui\u00e9nes somos La direcci\u00f3n de nuestra web es: https:\/\/situacioncritica.es\/blog. Comentarios Cuando los visitantes dejan comentarios en la web, recopilamos los datos que se muestran en el formulario de comentarios, as\u00ed como la direcci\u00f3n IP del visitante y la cadena de agentes de usuario del navegador para ayudar a la detecci\u00f3n\u2026","rel":"","context":"Entrada similar","block_context":{"text":"Entrada similar","link":""},"img":{"alt_text":"","src":"","width":0,"height":0},"classes":[]},{"id":5097,"url":"https:\/\/situacioncritica.es\/blog\/descargo\/","url_meta":{"origin":5525,"position":1},"title":"Descargo de Responsabilidad del Blog","author":"Sethbastian","date":"23 de noviembre de 2023","format":false,"excerpt":"La informaci\u00f3n proporcionada por el Blog Situaci\u00f3n Cr\u00edtica en https:\/\/situacioncritica.es\/blog (el \"blog\") s\u00f3lo tiene fines informativos generales. Toda la informaci\u00f3n contenida en el blog se facilita de buena fe; sin embargo, no ofrecemos ninguna declaraci\u00f3n ni garant\u00eda de ning\u00fan tipo, expresa o impl\u00edcita, sobre la exactitud, adecuaci\u00f3n, validez, fiabilidad, disponibilidad\u2026","rel":"","context":"Entrada similar","block_context":{"text":"Entrada similar","link":""},"img":{"alt_text":"","src":"https:\/\/i0.wp.com\/situacioncritica.es\/blog\/wp-content\/uploads\/2024\/03\/lapices.jpeg?resize=350%2C200&ssl=1","width":350,"height":200,"srcset":"https:\/\/i0.wp.com\/situacioncritica.es\/blog\/wp-content\/uploads\/2024\/03\/lapices.jpeg?resize=350%2C200&ssl=1 1x, https:\/\/i0.wp.com\/situacioncritica.es\/blog\/wp-content\/uploads\/2024\/03\/lapices.jpeg?resize=525%2C300&ssl=1 1.5x, https:\/\/i0.wp.com\/situacioncritica.es\/blog\/wp-content\/uploads\/2024\/03\/lapices.jpeg?resize=700%2C400&ssl=1 2x, https:\/\/i0.wp.com\/situacioncritica.es\/blog\/wp-content\/uploads\/2024\/03\/lapices.jpeg?resize=1050%2C600&ssl=1 3x"},"classes":[]}],"jetpack_sharing_enabled":true,"_links":{"self":[{"href":"https:\/\/situacioncritica.es\/blog\/wp-json\/wp\/v2\/pages\/5525","targetHints":{"allow":["GET"]}}],"collection":[{"href":"https:\/\/situacioncritica.es\/blog\/wp-json\/wp\/v2\/pages"}],"about":[{"href":"https:\/\/situacioncritica.es\/blog\/wp-json\/wp\/v2\/types\/page"}],"author":[{"embeddable":true,"href":"https:\/\/situacioncritica.es\/blog\/wp-json\/wp\/v2\/users\/1"}],"replies":[{"embeddable":true,"href":"https:\/\/situacioncritica.es\/blog\/wp-json\/wp\/v2\/comments?post=5525"}],"version-history":[{"count":8,"href":"https:\/\/situacioncritica.es\/blog\/wp-json\/wp\/v2\/pages\/5525\/revisions"}],"predecessor-version":[{"id":5563,"href":"https:\/\/situacioncritica.es\/blog\/wp-json\/wp\/v2\/pages\/5525\/revisions\/5563"}],"wp:attachment":[{"href":"https:\/\/situacioncritica.es\/blog\/wp-json\/wp\/v2\/media?parent=5525"}],"curies":[{"name":"wp","href":"https:\/\/api.w.org\/{rel}","templated":true}]}}