{"id":5384,"date":"2024-08-18T12:30:12","date_gmt":"2024-08-18T10:30:12","guid":{"rendered":"https:\/\/situacioncritica.es\/blog\/?page_id=5384"},"modified":"2024-08-18T18:11:46","modified_gmt":"2024-08-18T16:11:46","slug":"newsletter","status":"publish","type":"page","link":"https:\/\/situacioncritica.es\/blog\/newsletter\/","title":{"rendered":"Recibe los nuevos art\u00edculos en tu bandeja del correo electr\u00f3nico c\u00f3modamente"},"content":{"rendered":"<div class=\"wp-block-jetpack-subscriptions__supports-newline is-style-compact wp-block-jetpack-subscriptions\">\n\t\t<div>\n\t\t\t<div>\n\t\t\t\t<div>\n\t\t\t\t\t<p >\n\t\t\t\t\t\t<a href=\"https:\/\/situacioncritica.es\/blog\/?post_type=page&#038;p=5384\" style=\"font-size: 16px;padding: 15px 23px 15px 23px;margin: 0; margin-left: 10px;border-radius: 0px;border-width: 1px; background-color: #113AF5; color: #FFFFFF; text-decoration: none; white-space: nowrap; margin-left: 0\">Suscribirse<\/a>\n\t\t\t\t\t<\/p>\n\t\t\t\t<\/div>\n\t\t\t<\/div>\n\t\t<\/div>\n\t<\/div>\n\n\n<p><\/p>\n","protected":false},"excerpt":{"rendered":"","protected":false},"author":1,"featured_media":0,"parent":0,"menu_order":0,"comment_status":"closed","ping_status":"closed","template":"","meta":{"_seopress_robots_primary_cat":"","_seopress_titles_title":"suscr\u00edbete a nuestros art\u00edculos","_seopress_titles_desc":"Recibe gratuitamente, y sin publicidad, nuestros art\u00edculos en tu buz\u00f3n de correos electr\u00f3nicos.","_seopress_robots_index":"","jetpack_post_was_ever_published":false,"footnotes":""},"class_list":["post-5384","page","type-page","status-publish","hentry"],"jetpack-related-posts":[{"id":3,"url":"https:\/\/situacioncritica.es\/blog\/politica-privacidad\/","url_meta":{"origin":5384,"position":0},"title":"Pol\u00edtica de privacidad","author":"Sethbastian","date":"19 de mayo de 2025","format":false,"excerpt":"Qui\u00e9nes somos La direcci\u00f3n de nuestra web es: https:\/\/situacioncritica.es\/blog. Comentarios Cuando los visitantes dejan comentarios en la web, recopilamos los datos que se muestran en el formulario de comentarios, as\u00ed como la direcci\u00f3n IP del visitante y la cadena de agentes de usuario del navegador para ayudar a la detecci\u00f3n\u2026","rel":"","context":"Entrada similar","block_context":{"text":"Entrada similar","link":""},"img":{"alt_text":"","src":"","width":0,"height":0},"classes":[]},{"id":5379,"url":"https:\/\/situacioncritica.es\/blog\/mas-leidos\/","url_meta":{"origin":5384,"position":1},"title":"Estos son los art\u00edculos m\u00e1s le\u00eddos los \u00faltimos 12 meses","author":"Sethbastian","date":"18 de agosto de 2024","format":false,"excerpt":"","rel":"","context":"Entrada similar","block_context":{"text":"Entrada similar","link":""},"img":{"alt_text":"","src":"","width":0,"height":0},"classes":[]},{"id":5097,"url":"https:\/\/situacioncritica.es\/blog\/descargo\/","url_meta":{"origin":5384,"position":2},"title":"Descargo de Responsabilidad del Blog","author":"Sethbastian","date":"23 de noviembre de 2023","format":false,"excerpt":"La informaci\u00f3n proporcionada por el Blog Situaci\u00f3n Cr\u00edtica en https:\/\/situacioncritica.es\/blog (el \"blog\") s\u00f3lo tiene fines informativos generales. Toda la informaci\u00f3n contenida en el blog se facilita de buena fe; sin embargo, no ofrecemos ninguna declaraci\u00f3n ni garant\u00eda de ning\u00fan tipo, expresa o impl\u00edcita, sobre la exactitud, adecuaci\u00f3n, validez, fiabilidad, disponibilidad\u2026","rel":"","context":"Entrada similar","block_context":{"text":"Entrada similar","link":""},"img":{"alt_text":"","src":"https:\/\/i0.wp.com\/situacioncritica.es\/blog\/wp-content\/uploads\/2024\/03\/lapices.jpeg?resize=350%2C200&ssl=1","width":350,"height":200,"srcset":"https:\/\/i0.wp.com\/situacioncritica.es\/blog\/wp-content\/uploads\/2024\/03\/lapices.jpeg?resize=350%2C200&ssl=1 1x, https:\/\/i0.wp.com\/situacioncritica.es\/blog\/wp-content\/uploads\/2024\/03\/lapices.jpeg?resize=525%2C300&ssl=1 1.5x, https:\/\/i0.wp.com\/situacioncritica.es\/blog\/wp-content\/uploads\/2024\/03\/lapices.jpeg?resize=700%2C400&ssl=1 2x, https:\/\/i0.wp.com\/situacioncritica.es\/blog\/wp-content\/uploads\/2024\/03\/lapices.jpeg?resize=1050%2C600&ssl=1 3x"},"classes":[]},{"id":5624,"url":"https:\/\/situacioncritica.es\/blog\/new-year\/","url_meta":{"origin":5384,"position":3},"title":"A\u00f1o nuevo","author":"Sethbastian","date":"31 de diciembre de 2024","format":false,"excerpt":"Ilustraciones para dar la bienvenida al nuevo a\u00f1o, realizadas el \u00faltimo del d\u00eda el a\u00f1o y enviada a amigos horas antes de que termine el a\u00f1o.","rel":"","context":"Entrada similar","block_context":{"text":"Entrada similar","link":""},"img":{"alt_text":"","src":"https:\/\/i0.wp.com\/situacioncritica.es\/blog\/wp-content\/uploads\/2024\/12\/2024-300x300.jpeg?resize=350%2C200&ssl=1","width":350,"height":200,"srcset":"https:\/\/i0.wp.com\/situacioncritica.es\/blog\/wp-content\/uploads\/2024\/12\/2024-300x300.jpeg?resize=350%2C200&ssl=1 1x, https:\/\/i0.wp.com\/situacioncritica.es\/blog\/wp-content\/uploads\/2024\/12\/2024-300x300.jpeg?resize=525%2C300&ssl=1 1.5x, https:\/\/i0.wp.com\/situacioncritica.es\/blog\/wp-content\/uploads\/2024\/12\/2024-300x300.jpeg?resize=700%2C400&ssl=1 2x, https:\/\/i0.wp.com\/situacioncritica.es\/blog\/wp-content\/uploads\/2024\/12\/2024-300x300.jpeg?resize=1050%2C600&ssl=1 3x, https:\/\/i0.wp.com\/situacioncritica.es\/blog\/wp-content\/uploads\/2024\/12\/2024-300x300.jpeg?resize=1400%2C800&ssl=1 4x"},"classes":[]}],"jetpack_sharing_enabled":true,"_links":{"self":[{"href":"https:\/\/situacioncritica.es\/blog\/wp-json\/wp\/v2\/pages\/5384","targetHints":{"allow":["GET"]}}],"collection":[{"href":"https:\/\/situacioncritica.es\/blog\/wp-json\/wp\/v2\/pages"}],"about":[{"href":"https:\/\/situacioncritica.es\/blog\/wp-json\/wp\/v2\/types\/page"}],"author":[{"embeddable":true,"href":"https:\/\/situacioncritica.es\/blog\/wp-json\/wp\/v2\/users\/1"}],"replies":[{"embeddable":true,"href":"https:\/\/situacioncritica.es\/blog\/wp-json\/wp\/v2\/comments?post=5384"}],"version-history":[{"count":4,"href":"https:\/\/situacioncritica.es\/blog\/wp-json\/wp\/v2\/pages\/5384\/revisions"}],"predecessor-version":[{"id":5406,"href":"https:\/\/situacioncritica.es\/blog\/wp-json\/wp\/v2\/pages\/5384\/revisions\/5406"}],"wp:attachment":[{"href":"https:\/\/situacioncritica.es\/blog\/wp-json\/wp\/v2\/media?parent=5384"}],"curies":[{"name":"wp","href":"https:\/\/api.w.org\/{rel}","templated":true}]}}